greatest common divisor of l and u?
14
Let d be (-4408)/174*(-402)/4. What is the greatest common factor of 268 and d?
134
Let d = 112 - 110. Let w(m) = 16*m**3 - 3*m**2 - m + 3. Let b be w(d). Let i(n) = 4*n - 23. Let f be i(9). What is the greatest common divisor of b and f?
13
Let a(b) = -b**3 + 105*b**2 + 107*b + 141. Let r be a(106). What is the greatest common factor of r and 91?
13
Suppose 0 = 7*x + 89 - 320. Let v = -30 + x. Suppose -6 = -3*z, 6*z - z = v*w - 44. What is the greatest common factor of w and 2?
2
Let d = 111 - -37. Let z = -83 + d. Calculate the greatest common divisor of z and 715.
65
Suppose -6*s = -10*s - 19*s + 161. Let h = -1 + 1. Suppose h = -y + 3*y - 98. Calculate the greatest common factor of s and y.
7
Let a be -492*((19 - 21) + (-1)/3). Suppose -m = 3*m + 4*j - a, 0 = 3*j + 9. Calculate the greatest common factor of 58 and m.
58
Suppose -4*r - 168 = -w, -w + 27 = -2*r - 145. Let g = -10061 + 10083. What is the highest common factor of w and g?
22
Let r be 89976/92 + 1 + (-2 - 5). What is the greatest common factor of r and 189?
27
Let u = -51 - -303. Let k = u - 229. Calculate the greatest common divisor of 276 and k.
23
Let s(p) = 15*p**2 - 41*p - 68. Let t be s(7). Calculate the greatest common factor of t and 171.
19
Let g be ((-8142)/295)/(6/(-15)). Calculate the highest common divisor of 276 and g.
69
Suppose -140 = t - 33. Suppose -o + 6*o + 988 = 3*k, -o + k - 198 = 0. Let y = t - o. What is the greatest common factor of 10 and y?
10
Let d = 1699 + -1446. Calculate the highest common divisor of 115 and d.
23
Let l = -214 + 214. Suppose l = z - 368 + 45. What is the greatest common factor of z and 17?
17
Suppose -38082 = -64*x - 6848 + 46334. Calculate the highest common factor of x and 48.
12
Suppose 21 = -9*k + 6*k. Let d be (28/(-3))/(k/84). Suppose 99 = u - 4*v, -134 = -2*u - 4*v + d. Calculate the greatest common factor of 46 and u.
23
Let i(t) = 8*t**2 + 214*t + 15. Let h be i(-24). Let y = h + 560. What is the greatest common divisor of 141 and y?
47
Suppose -4227 = -11*i + 162. Suppose -5*j + 4*v + 578 = 0, 4*j + 3*v = -0*v + 450. Calculate the highest common divisor of j and i.
57
Let z be (187/85 + 1*-1)/((-6)/(-380)). Calculate the highest common divisor of z and 3496.
76
Let b be -4 + -5 + 9 + 2. Suppose -5*j = 2*z + 4, b*j - 7*z + 19 = -2*z. Let k be ((-57)/6 - j)*(-1400)/30. What is the greatest common divisor of k and 50?
50
Let z be (((-28)/5)/(-1))/(16/40). Let b(w) = 14*w - 130. Let a be b(z). What is the highest common divisor of a and 330?
66
Let r be (520/(-12))/((-2)/3). Let o(u) = 2*u**3 + 2*u**2 - 3*u + 5. Let n be o(3). Let m = n - r. What is the highest common factor of m and 12?
3
Let x(g) be the first derivative of 3*g**2 + 13*g + 53. Let y be x(7). Calculate the highest common divisor of y and 55.
55
Let r = 3289 + -2966. Calculate the greatest common factor of 221 and r.
17
Suppose 0 = -30*w + 26*w + 424. Suppose -v + w = v. Calculate the greatest common divisor of v and 53.
53
Suppose -2*r = 3*y - 1302, 3289 = 19*r - 14*r - y. Calculate the highest common factor of 584 and r.
73
Suppose 7*n - 366 = -16. Suppose 16*s - n = 78. Calculate the highest common divisor of s and 204.
4
Suppose 1836 = 5*x - 4*x + s, -3*x - 2*s = -5506. Calculate the greatest common factor of 14 and x.
14
Let x be -5 + 44 + (-14 - -9). Suppose i = 2, -4*c + x = 16*i - 19*i. Calculate the highest common divisor of c and 490.
10
Suppose -76*f - 68888 = -185*f. What is the highest common divisor of 8 and f?
8
Let s = 45 + -33. Suppose s*a = 2*a + 1170. What is the greatest common factor of 26 and a?
13
Suppose -4*n + 4*t - 424 = 0, 2*n + 4*t = 2*t - 196. Let k = 210 - n. Calculate the greatest common factor of k and 195.
39
Let h be 0*(-11 + (-276)/(-24)). Let y = 9 - 6. Suppose y*m - 5*n - 89 = h, -4*n + 109 = 3*m + 2. Calculate the greatest common divisor of m and 55.
11
Let g(b) = -b**3 - 50. Let a be g(0). Let d = a + 54. Suppose -2*i + 38 = -d*y, -i - 3*y = -5*i + 91. Calculate the highest common divisor of 100 and i.
25
Let i = 13928 + -6557. Calculate the highest common factor of 39 and i.
39
Suppose -25*g - 15117 = -35592. What is the greatest common factor of g and 315?
63
Let g be 242/4*((-768)/(-320))/(6/10). What is the highest common factor of 5929 and g?
121
Let t(n) = 457*n + 379. Let f be t(-1). Suppose 414 = 5*b - 2*b. Let y = f + b. Calculate the highest common divisor of y and 45.
15
Suppose -2*w + 3*g + 36 = -300, 0 = 4*w + 2*g - 688. Let i = -138027 - -138046. What is the highest common divisor of w and i?
19
Suppose d + 3*b = -0*b + 11, 4*b - 18 = -2*d. Suppose 86 = -d*o + 671. Let m be ((-5)/(-2) - 2) + 1100/88. Calculate the greatest common divisor of m and o.
13
Let f be ((-18)/(-4))/((-5)/(-10)). Let m = f + 13. Suppose 0 = 2*y + 3 - 47. Calculate the greatest common factor of y and m.
22
Let g(h) = h**3 - 3*h**2 - h + 3. Let o be g(3). Suppose o = -14*x + 10*x + 936. Let v = x + -78. Calculate the greatest common divisor of 39 and v.
39
Suppose 0 = -7*b + 24*b - 31144. Calculate the greatest common factor of 16 and b.
8
Suppose -15 = 10*q + 15. Let l be (-31)/q*3 - (-25)/25. Calculate the highest common divisor of 4 and l.
4
Suppose 0 = -c - 3*l + 525, -5*l + 1251 = 2*c + 205. Calculate the greatest common factor of 18 and c.
9
Let d(s) = 42*s**2 + 5*s + 50. Let p be d(5). Calculate the greatest common factor of 180 and p.
45
Let c(f) = 2528*f**3 - 27*f + 35. Let d be c(2). What is the greatest common factor of 45 and d?
45
Let s be (-3210)/(164/(-18) - (14 - 23)). What is the greatest common divisor of 90 and s?
90
Let c = 91 + -19. Let q(d) = 4*d + 82. Let v be -3 - (19 - 12/(7 - 5)). Let o be q(v). Calculate the greatest common factor of c and o.
18
Suppose 0*c + 2*c - 4 = 0. Let u be (4 - 6)*(-4 + c). Suppose u*d + 0*d = 16. What is the highest common divisor of d and 4?
4
Let p(v) = -17*v + 10. Let f be p(2). Let b be -3*3/(f/32). Let o be (-20)/3*18/(-15). What is the highest common divisor of b and o?
4
Suppose 5*x = o + 11585, -x - 14*o + 2338 = -10*o. What is the greatest common divisor of x and 152?
38
Let l(o) = 6*o - 162. Let x be l(27). Suppose -83*d + 89*d - 300 = x. Calculate the highest common factor of 8 and d.
2
Suppose 0 = -h + 6*h - 4*p - 116, -3*h - 3*p + 48 = 0. Let m(l) = -l**3 + 20*l**2 + l + 28. Let v be m(h). What is the greatest common factor of v and 16?
16
Let k be (7/(-14))/(6/72). Let x be (-2)/k - 8272/(-141). Calculate the highest common factor of 59 and x.
59
Suppose -2*o = 5*k - 3, 0*k - 4*k = 3*o - 15. Suppose o*t = 409 + 455. Suppose -5*g - 92 = -c + 2, -t = -c + 3*g. What is the highest common factor of c and 11?
11
Let h be (2 + 104/20)/(3/10). Suppose -16*u + 11288 = h. Calculate the greatest common divisor of 11 and u.
11
Let l(a) = -a**3 + 5*a - 1343*a**2 + 1355*a**2 - 18 + 11*a. Let t be l(13). What is the greatest common factor of t and 7?
7
Let h be (15*-46)/((-35)/(-38) + -1). Suppose 4*d - 27*d + h = 0. Calculate the highest common factor of 20 and d.
20
Let b be 530/(-8)*(9 + -33). Let r be 6/8 + b/120. What is the highest common divisor of r and 56?
14
Let m(t) = -t**2 + 46*t + 1896. Let w be m(-26). Calculate the highest common divisor of w and 66.
6
Suppose 0 = 32*l - 2*l - 810. What is the highest common factor of 2133 and l?
27
Let f(t) = 39*t**2 - 19*t + 415. Let s be f(8). What is the greatest common factor of 31 and s?
31
Let k = 869 - 293. What is the greatest common divisor of 8 and k?
8
Let x = -25 - -19. Let w be (-7 - -12) + (x - (-4 - 0)). Suppose -8*d = -3*d - 165. What is the highest common divisor of w and d?
3
Suppose 0 = -c - 5*a + 1020, -4*c + 0*a + a = -3975. Suppose -c = -3*o - 83. What is the highest common divisor of o and 38?
38
Suppose -4*i = 5*o - 62, -3*i = 27*o - 30*o - 60. Let m be i + 32/(-4) - 7. What is the highest common factor of 4 and m?
1
Let u = 19 - -17. Suppose 2*l + 0*l - a = 21, -5*l + 2*a + 52 = 0. Let c be 0 + ((-7566)/(-30) - 2/l). Calculate the greatest common factor of u and c.
36
Suppose 9*l - 1453 = -823. Suppose -2*t = -3*g - 475, 2*t = 5*g + 317 + 148. Calculate the highest common divisor of l and t.
35
Let a be (-37)/(-7) - 805/161 - (-24706)/14. What is the greatest common